tors of c?
89
Suppose 3*q - 799 = 8. Suppose -5*f - 7 - 8 = 0, 5*p - 3*f - q = 0. List the prime factors of p.
2, 13
Suppose 5*v = 41 + 4. Let d(l) = l**3 - 7*l**2 - 9*l + 9. What are the prime factors of d(v)?
2, 3, 5
Let h(w) = -6*w**3 + 100*w**2 + 16*w + 16. List the prime factors of h(15).
2, 7, 179
Suppose -9*p + 62*p = 136051. What are the prime factors of p?
17, 151
List the prime factors of 1*1870 - 8/(2 - 0).
2, 3, 311
Let u = -3 + 30. Suppose t + 2*t = u. Suppose t*k - 165 = 4*k. What are the prime factors of k?
3, 11
What are the prime factors of ((-714)/70 + 3)/(2/(-1115))?
2, 3, 223
Let a(b) = 2*b + 15. Let p be a(11). Suppose 3*k - 6*k - 4*g = -p, -36 = -4*k - 2*g. Let t(m) = 2*m + 6. What are the prime factors of t(k)?
2, 5
Let o = 595 - -55. What are the prime factors of o?
2, 5, 13
List the prime factors of (18/(-16))/(-3) - 77170/(-80).
5, 193
Let s be 34/(-30) + 1 - 21802/(-165). Suppose 4*q = -5*c + 157, -2*q - 4 - s = -4*c. List the prime factors of c.
3, 11
Suppose 3 = -o - 1. Let k = o + -11. Let p(z) = -z + 4. List the prime factors of p(k).
19
Let h be 0 + -4 + -32 - 3. Let t = -28 - h. Suppose -392 = -t*g + 4*g. What are the prime factors of g?
2, 7
Suppose -7*d + 10*d + 3 = 0. Let p be (-1)/(-2 - d) + 1. Suppose -4*q - 105 = -5*y - 0*y, 42 = p*y + 3*q. List the prime factors of y.
3, 7
Let f(j) = -25*j - 6. Let m(k) = k**2 - 13*k + 8. Let r be m(7). Let b = r + 32. List the prime factors of f(b).
2, 11
Let g = -480 + 690. Suppose 3*f - 3*a - g = 0, f - 2*a = a + 60. Suppose 2*q + z - 51 = 4*z, -f = -3*q + 4*z. List the prime factors of q.
3, 7
Suppose -14 - 14 = -2*p. Suppose 0 = -p*y + 7*y + 658. List the prime factors of y.
2, 47
Suppose -3*h + 92 = -184. Suppose -9 = -2*l + r + 32, -4*l + 4*r = -h. What are the prime factors of l?
2, 3
Suppose -m = 4*m + 4*p - 1880, -4*m = -p - 1483. Let r be ((-10)/4)/((-6)/m). Suppose -19*l + r = -14*l. List the prime factors of l.
31
Let v = -11 - 2. Let h be 477/18*(-16)/8. Let z = v - h. List the prime factors of z.
2, 5
Let f = -5 - -10. Let u(w) = 5*w**3 + 15*w**2 + 12*w - 8. Let n(r) = -2*r**3 - 5*r**2 - 4*r + 3. Let i(h) = 8*n(h) + 3*u(h). What are the prime factors of i(f)?
2, 5
Let s be -3 + 3 + (0 - -4). Suppose -s*m + 2*p - 28 = -0*m, m + 2*p = -7. Let t(o) = -o**2 - 8*o + 1. List the prime factors of t(m).
2
Suppose -461 = 6*p + 217. Let k = p + 182. What are the prime factors of k?
3, 23
Let u = 163 + 113. Suppose u = 8*c - 180. List the prime factors of c.
3, 19
Let d(w) = 21*w**2 - 41*w - 9. List the prime factors of d(14).
3533
Let k(j) = -2*j**2 + 7*j - 1. Let i be k(2). Suppose 4*b + 54 = i*b. What are the prime factors of b?
2, 3
Suppose -5*s = -5*a + 2905, -1162 = -2*a + 2*s + 3*s. List the prime factors of a.
7, 83
Suppose 2*i + 12 = -4*h - 10, 3*i + 25 = -4*h. Let w(t) = -t**3 - 3*t**2 + t - 3. List the prime factors of w(h).
3
Let c(x) = 2*x**2 - 6*x - 7. Let l be c(-3). Let i = l - 23. Suppose i*u - 38 = 208. List the prime factors of u.
41
Let z(t) = t**2 - 4*t + 3. Let u be z(8). Suppose u = 4*m - 161. List the prime factors of m.
7
Suppose -4*j + 3*c + 541 = 0, 0 = -3*j - 4*c + 125 + 262. List the prime factors of j.
7, 19
Suppose 193 - 1765 = 12*o. List the prime factors of 4 + (o/(-1) - 1).
2, 67
Let q(y) = 2*y + 2. Let t be q(-5). Let f(o) = o**3 + 9*o**2 + 8*o - 8. Let c be f(t). Let j = c + 38. List the prime factors of j.
2, 3, 5
Suppose -10*p + 27 = -p. Suppose p*a - 294 = -2*r - 2*a, 3*r + a = 467. List the prime factors of r.
157
Suppose 6*l - 18358 = -6310. What are the prime factors of l?
2, 251
Let y(j) = 58*j**2 + 5*j - 6. Let r be y(2). Suppose -276 = -t - 5*l, -r = -t - 3*l + 32. List the prime factors of t.
2
Let f(m) = -m + 18. Let p be f(6). List the prime factors of (-1 - p/(-2))*23.
5, 23
Let i = -276 + 179. Let f = i + 67. Let p = 66 + f. List the prime factors of p.
2, 3
Let f be (1/(-2)*2)/(-1). Let s(q) = 1. Let r(w) = w + 21. Let u(x) = f*r(x) - 5*s(x). What are the prime factors of u(7)?
23
Let z(q) = q + 15. Let m be z(-6). Suppose 13*x - m*x - 308 = 0. List the prime factors of x.
7, 11
Suppose -4*y + 1 + 7 = 0. Let p be 34/(y + (-4)/3). Suppose 0 = -12*n + 9*n + p. List the prime factors of n.
17
Let p = 173 + -122. List the prime factors of p.
3, 17
Suppose -4*v + 4*s - 15264 = -8*v, v - 5*s = 3828. What are the prime factors of v?
2, 23, 83
Let g be (-8)/24 + (-566)/(-6). Suppose 0 = 5*k + x - 28 - g, 0 = -2*x - 6. List the prime factors of k.
5
Suppose -14*x + 16*x - 6034 = -p, -x + 12056 = 2*p. What are the prime factors of p?
2, 23, 131
Suppose 2*r - 555 + 183 = 0. Suppose -20 = -2*t + r. What are the prime factors of t?
103
Let k = -1172 - -3793. List the prime factors of k.
2621
Suppose -4*w - 5*h + 42 = 0, 0 = 4*w - 4*h - 15 - 9. Let i = 3 - w. Let z = i - -13. List the prime factors of z.
2
Let f(g) = -g**2 + 3*g + 8. Let w be f(4). Suppose -10 = 2*m + 4*t, -m + w*t + t + 23 = 0. Suppose 8*a - m*a - 265 = 0. List the prime factors of a.
53
Let a = 133 - -468. List the prime factors of a.
601
Let x be (-25)/(-10)*(-16)/(-20). Let u(r) = 70*r - 1. What are the prime factors of u(x)?
139
Let x(c) = -55*c + 48. What are the prime factors of x(-9)?
3, 181
Let x(n) = -20*n**3 + n**2 - 4*n - 3. Let h(f) = -40*f**3 + 2*f**2 - 7*f - 5. Let j(l) = 3*h(l) - 5*x(l). List the prime factors of j(-1).
2, 11
Let m = -12 + 16. Suppose 0 = m*k - k - 30. Let a = k - -1. What are the prime factors of a?
11
Let d(w) = 3*w + 3. Let z be d(2). Suppose 0 = -q + 5, -2*q + 1 + z = 3*x. List the prime factors of x*1/(-3) + 13.
13
Let m = 578 - 42. List the prime factors of m.
2, 67
Suppose 2*l - 886 - 1469 = 5*s, 1188 = l + s. What are the prime factors of l?
3, 5, 79
Suppose 0 = 32*o - 23*o - 7245. What are the prime factors of o?
5, 7, 23
Suppose 0 = 2*o - 11 + 5. Let t(i) = 2*i**3 - 3*i**2 + 6*i - 10. What are the prime factors of t(o)?
5, 7
Let t(p) = -4*p**3 - p**2 - p - 2. Let s be t(-1). Suppose 0 = 2*w - 2*f - 270, -2*f + 26 = s*w - 260. List the prime factors of w.
139
Suppose 8*f = 2*f + 2226. List the prime factors of f.
7, 53
Suppose 2 = -k + 2. Suppose k*a + 502 = 5*b - a, -a + 104 = b. List the prime factors of b.
101
Suppose 9*p = -297 + 1908. What are the prime factors of p?
179
What are the prime factors of (-16320)/(-27) + 48/(-108)?
2, 151
Let n(x) = x**3 - 7*x**2 + 9*x. Let u(w) = -w**2 - 12*w + 1. Let z be u(-11). Suppose 0 = 4*g + z, -6*r = -5*r - 4*g - 18. List the prime factors of n(r).
2, 3
Suppose 4 = 5*z + 5*d - 6, -2*z = d - 6. Let b(g) = -4*g**2 + 2 + 3*g**2 + 3*g**2 - 3*g + z*g**2. What are the prime factors of b(3)?
47
Suppose 12*j - 420 = 6*j. List the prime factors of j.
2, 5, 7
Let r = 21 + -35. Let w = r + 20. List the prime factors of w.
2, 3
Suppose 3*k + 3 = 2*s - 9, -2*s - 2 = 4*k. Suppose -3*j + 9 = 3*b, 5*b - 8 = -j + s*j. Let y = j + 3. What are the prime factors of y?
2
Let u be 8/(-6) - (5 + (-150)/18). Suppose -u*b - 2*i = 2*b - 360, 4*b + 5*i = 348. What are the prime factors of b?
2, 23
Suppose -3*s + 33*b - 35*b + 2659 = 0, -4*b + 3552 = 4*s. What are the prime factors of s?
883
Let t(s) = 111*s**2 - s + 5. Let h be t(-2). Suppose q - 77 = 4*i, 5*i = -4*q + h - 164. List the prime factors of q.
73
Let x(n) be the second derivative of n**4/12 - 11*n**3/6 - 7*n**2/2 - 6*n. Let g be x(12). Suppose 0 = -i + 2 + g. What are the prime factors of i?
7
Let z(g) = g**2 - 6*g + 5. Let i be z(5). Let f be i/(-3) + 1 + -1. Suppose f = -4*l - 24 + 116. List the prime factors of l.
23
Suppose g - 3*g = -712. Suppose 2*s + 2*w = g, -2*s + 153 = 5*w - 200. List the prime factors of s.
179
Let d = -238 - -346. Suppose 0 = -b + 2*p + 34, -5*b - 3*p + 88 = -d. What are the prime factors of b?
2, 19
Let t(q) = 65*q**2 + 27*q - 310. List the prime factors of t(7).
2, 383
Suppose -5*q - 4*q = 36. List the prime factors of 160/q*(-17)/4.
2, 5, 17
Let j = -33 - -1367. List the prime factors of j.
2, 23, 29
Let u = 295 - 164. What are the prime factors of u?
131
Suppose 36*s - 41702 = 49198. What are the prime factors of s?
5, 101
What are the prime factors of (-38306)/(-22) - 12/66?
1741
Suppose -y - x - 8 - 14 = 0, 5*x = 0. Let b = 11 + y. Let d = -3 - b. List the prime factors of d.
2
Let b be -4*(-7)/(28/8). S